git of 399?
9
What is the units digit of 62613?
3
What is the thousands digit of 17358?
7
What is the hundreds digit of 582?
5
What is the hundreds digit of 130?
1
What is the hundreds digit of 14749?
7
What is the tens digit of 847?
4
What is the hundreds digit of 49307?
3
What is the units digit of 546?
6
What is the tens digit of 167539?
3
What is the units digit of 58417?
7
What is the units digit of 1784?
4
What is the units digit of 12703?
3
What is the tens digit of 3047?
4
What is the units digit of 7039?
9
What is the hundred thousands digit of 169490?
1
What is the hundreds digit of 17525?
5
What is the tens digit of 11498?
9
What is the ten thousands digit of 11293?
1
What is the tens digit of 1574?
7
What is the units digit of 381?
1
What is the thousands digit of 50107?
0
What is the tens digit of 27038?
3
What is the hundreds digit of 2683?
6
What is the units digit of 106295?
5
What is the thousands digit of 11788?
1
What is the units digit of 2936?
6
What is the units digit of 378?
8
What is the tens digit of 1058?
5
What is the units digit of 4422?
2
What is the tens digit of 254?
5
What is the units digit of 1427?
7
What is the tens digit of 1481?
8
What is the tens digit of 1967?
6
What is the tens digit of 60910?
1
What is the thousands digit of 9136?
9
What is the units digit of 28824?
4
What is the tens digit of 123672?
7
What is the hundreds digit of 8728?
7
What is the units digit of 10598?
8
What is the tens digit of 3696?
9
What is the units digit of 1214?
4
What is the thousands digit of 73165?
3
What is the units digit of 3221?
1
What is the units digit of 1392?
2
What is the hundreds digit of 17345?
3
What is the tens digit of 2014?
1
What is the hundreds digit of 4721?
7
What is the tens digit of 1076?
7
What is the hundreds digit of 44838?
8
What is the tens digit of 677?
7
What is the tens digit of 1263?
6
What is the hundreds digit of 1314?
3
What is the units digit of 127?
7
What is the thousands digit of 63409?
3
What is the ten thousands digit of 39281?
3
What is the thousands digit of 13828?
3
What is the units digit of 370?
0
What is the hundreds digit of 578?
5
What is the tens digit of 308?
0
What is the units digit of 4917?
7
What is the tens digit of 411?
1
What is the thousands digit of 4378?
4
What is the units digit of 549?
9
What is the tens digit of 759?
5
What is the hundreds digit of 2605?
6
What is the thousands digit of 40471?
0
What is the hundreds digit of 5019?
0
What is the ten thousands digit of 41233?
4
What is the tens digit of 4980?
8
What is the tens digit of 37719?
1
What is the tens digit of 394?
9
What is the thousands digit of 12603?
2
What is the thousands digit of 2610?
2
What is the units digit of 82?
2
What is the tens digit of 40108?
0
What is the units digit of 2054?
4
What is the units digit of 67353?
3
What is the thousands digit of 8415?
8
What is the tens digit of 55500?
0
What is the tens digit of 9767?
6
What is the hundreds digit of 2374?
3
What is the hundreds digit of 10495?
4
What is the tens digit of 495?
9
What is the tens digit of 71?
7
What is the units digit of 537?
7
What is the units digit of 2011?
1
What is the units digit of 2033?
3
What is the units digit of 14736?
6
What is the tens digit of 469?
6
What is the tens digit of 313?
1
What is the hundreds digit of 11347?
3
What is the thousands digit of 4262?
4
What is the tens digit of 9076?
7
What is the hundred thousands digit of 183365?
1
What is the units digit of 1445?
5
What is the ten thousands digit of 15604?
1
What is the thousands digit of 1067?
1
What is the tens digit of 63948?
4
What is the tens digit of 32474?
7
What is the thousands digit of 1353?
1
What is the ten thousands digit of 62612?
6
What is the tens digit of 12849?
4
What is the units digit of 4664?
4
What is the thousands digit of 16464?
6
What is the units digit of 3029?
9
What is the ten thousands digit of 44295?
4
What is the hundreds digit of 4848?
8
What is the hundreds digit of 3418?
4
What is the units digit of 1501?
1
What is the thousands digit of 12061?
2
What is the ten thousands digit of 78941?
7
What is the thousands digit of 25647?
5
What is the hundreds digit of 5955?
9
What is the tens digit of 4990?
9
What is the hundreds digit of 2546?
5
What is the hundreds digit of 488?
4
What is the ten thousands digit of 27359?
2
What is the tens digit of 1332?
3
What is the thousands digit of 23673?
3
What is the hundreds digit of 666?
6
What is the thousands digit of 2344?
2
What is the ten thousands digit of 39879?
3
What is the tens digit of 1659?
5
What is the hundreds digit of 52861?
8
What is the units digit of 41240?
0
What is the units digit of 4005?
5
What is the tens digit of 28338?
3
What is the units digit of 934?
4
What is the tens digit of 14888?
8
What is the hundreds digit of 874?
8
What is the tens digit of 1221?
2
What is the hundreds digit of 922?
9
What is the units digit of 9880?
0
What is the units digit of 5285?
5
What is the tens digit of 80?
8
What is the hundreds digit of 9052?
0
What is the tens digit of 865?
6
What is the ten thousands digit of 36666?
3
What is the thousands digit of 71669?
1
What is the hundreds digit of 75363?
3
What is the tens digit of 6964?
6
What is the tens digit of 6876?
7
What is the tens digit of 259?
5
What is the thousands digit of 22501?
2
What is the units digit of 11121?
1
What is the units digit of 3741?
1
What is the hundred thousands digit of 174037?
1
What is the units digit of 167?
7
What is the tens digit of 707?
0
What is the tens digit of 4626?
2
What is the tens digit of 4139?
3
What is the tens digit of 1378?
7
What is the hundreds digit of 715?
7
What is the units digit of 8779?
9
What is the units digit of 4899?
9
What is the tens digit of 539?
3
What is the tens digit of 24243?
4
What is the ten thousands digit of 18166?
1
What is the hundreds digit of 4105?
1
What is the units digit of 592?
2
What is the tens digit of 7145?
4
What is the ten thousands digit of 14777?
1
What is the ten thousands digit of 68154?
6
What is the thousands digit of 100476?
0
What is the units digit of 898?
8
What is the units digit of 85?
5
What is the units digit of 172?
2
What is the thousands digit of 2235?
2
What is the hundreds digit of 6876?
8
What is the units digit of 514?
4
What is the units digit of 12582?
2
What is the hundreds digit of 58558?
5
What is the hundreds digit of 9873?
8
What is the tens digit of 116?
1
What is the ten thousands digit of 13627?
1
What is the ten thousands digit of 55434?
5
What is the units digit of 450?
0
What is the units digit of 94780?
0
What is the units digit of 8786?
6
What is the units digit of 820?
0
What is the units digit of 14592?
2
What is the tens digit of 32128?
2
What is the units digit of 7007?
7
What is the thousands digit of 25730?
5
What is the thousands digit of 9179?
9
What is the thousands digit of 7486?
7
What is the tens digit of 240?
4
What is the tens digit of 806?
0
What is the thousands digit of 3723?
3
What is the units digit of 2454?
4
What is the thousands digit of 19053?
9
What is the tens digit of 8962?
6
What is the tens digit of 1103?
0
What is the ten thousands digit of 22810?
2
What is the thousands digit of 3200?
3
What is the tens digit of 402?
0
What is the tens digit of 15730?
3
What is the units digit of 2486?
6
What is the units digit of 79860?
0
What is the thousands digit of 1137?
1
What is the units digit of 1555?
5
What is the hundreds digit of 1325?
3
What is the tens digit of 116129?
2
What is the units digit of 848?
8
What is the tens digit of 21456?
5
What is the thousands digit of 4223?
4
What is the units digit of 47122?
2
What is the hundreds digit of 2677?
6
What is the hundreds digit of 3996?
9
What is the units digit of 66096?
6
What is the hundreds digit of 363?
3
What is the tens digit of 64?
6
What is the units digit of 877?
7
What is the tens digit of 116448?
4
What is the hundreds digit of 86299?
2
What is the hundreds digit of 20953?
9
What is the ten thousands digit of 25431?
2
What is the thousands digit of 5052?
5
What is the thousands digit of 9859?
9
What is the ten thousands digit of 13878?
1
What is the units digit of 2797?
7
What is the units digit of 470?
0
Wh